{"id":563,"date":"2025-01-21T10:33:03","date_gmt":"2025-01-21T14:33:03","guid":{"rendered":"https:\/\/borealys.ca\/?page_id=563"},"modified":"2025-01-21T10:33:04","modified_gmt":"2025-01-21T14:33:04","slug":"outil-education-financiere-pour-les-jeunes","status":"publish","type":"page","link":"https:\/\/borealys.ca\/?page_id=563","title":{"rendered":"Al\u00e9a : un outil d&rsquo;\u00e9ducation financi\u00e8re destin\u00e9 aux jeunes."},"content":{"rendered":"\n<div class=\"wp-block-getwid-section alignfull\"><div class=\"wp-block-getwid-section__wrapper\"><div class=\"wp-block-getwid-section__inner-wrapper\"><div class=\"wp-block-getwid-section__background-holder\"><div class=\"wp-block-getwid-section__background\"><\/div><div class=\"wp-block-getwid-section__foreground\"><\/div><\/div><div class=\"wp-block-getwid-section__content\"><div class=\"wp-block-getwid-section__inner-content\">\n<h1 class=\"wp-block-heading\">Al\u00e9a : un outil d&rsquo;\u00e9ducation financi\u00e8re destin\u00e9 aux jeunes.<\/h1>\n\n\n\n<p class=\"has-text-color has-background has-link-color wp-elements-4dad4a380d31e978c2a061f829246417\" style=\"color:#e1e8ed;background-color:#1e1e1e\">En octobre 2023, <strong><a href=\"https:\/\/www.desjardins.com\/qc\/en\/about-us\/community\/financial-empowerment\/financial-education.html\">Desjardins<\/a><\/strong> s&rsquo;est associ\u00e9 \u00e0 <strong><a href=\"https:\/\/borealysgames.com\/fr\/\">Jeux Bor\u00e9alys<\/a> <\/strong>pour lancer l&rsquo;application <strong>Al\u00e9a, <\/strong>un outil d\u2019\u00e9ducation financi\u00e8re destin\u00e9 aux jeunes. L&rsquo;application est un jeu s\u00e9rieux de prise de d\u00e9cision qui guidera et aidera les jeunes \u00e0 g\u00e9rer leur budget. Une combinaison parfaite entre l&rsquo;expertise du studio et la cr\u00e9dibilit\u00e9 de <strong>Desjardins<\/strong> en mati\u00e8re d&rsquo;\u00e9ducation financi\u00e8re. <\/p>\n\n\n\n<p class=\"has-palette-color-5-color has-text-color has-background has-link-color wp-elements-fbdb0500a4862f92f45c12b1f86df998\" style=\"background-color:#1e1e1e\">Premi\u00e8rement, <strong>Al\u00e9a <\/strong>est n\u00e9 des initiatives de service existantes chez <strong>Desjardins<\/strong>, comme le Mois de la Litt\u00e9ratie Financi\u00e8re et le programme<em> \u00ab Mes finances, mes choix \u00bb<\/em>, qui ont touch\u00e9 collectivement plus de 540 000 jeunes. En effet, <em>\u00ab\u00a0selon des \u00e9tudes r\u00e9centes, 63 % des jeunes de 15 \u00e0 24 ans avouent avoir une connaissance limit\u00e9e des produits financiers\u00a0\u00bb.&nbsp;&nbsp;&nbsp;&nbsp;&nbsp;&nbsp;&nbsp;<\/em><br><\/p>\n\n\n\n<figure class=\"wp-block-image aligncenter size-large\"><img loading=\"lazy\" decoding=\"async\" width=\"1024\" height=\"576\" src=\"https:\/\/borealys.ca\/wp-content\/uploads\/2024\/12\/ill-fin-partie-1024x576.png\" alt=\"\" class=\"wp-image-639\"\/><\/figure>\n\n\n\n<div style=\"height:55px\" aria-hidden=\"true\" class=\"wp-block-spacer\"><\/div>\n\n\n\n<h2 class=\"wp-block-heading\">De Mages of Mystralia \u00e0 Al\u00e9a : le jeu de prise de d\u00e9cision financi\u00e8re<\/h2>\n\n\n\n<p class=\"has-text-align-left has-palette-color-5-color has-text-color has-background has-link-color wp-elements-04b66f6417374391ce120374d99cb14b\" style=\"background-color:#1e1e1e\">Dans un univers color\u00e9 et bienveillant, <strong>Al\u00e9a<\/strong> explore les principales probl\u00e9matiques financi\u00e8res des jeunes de moins de 25 ans. Un outil permettant de leur donner des cl\u00e9s utiles pour g\u00e9rer leurs budgets au quotidien. Transpos\u00e9e \u00e0 leur situation actuelle, l&rsquo;application leur permet d&rsquo;\u00e9valuer leurs possibilit\u00e9s financi\u00e8res.<\/p>\n\n\n\n<p class=\"has-text-align-left has-palette-color-5-color has-text-color has-background has-link-color wp-elements-7fd7d4aafcbda4c37624fd1ac27bac9b\" style=\"background-color:#1e1e1e\">Depuis le succ\u00e8s de son premier jeu <strong><a href=\"https:\/\/borealysgames.com\/fr\/mages-of-mystralia\/\">Mages of Mystralia<\/a> <\/strong>en 2017, Jeux Bor\u00e9alys souhaite mettre \u00e0 profit cette exp\u00e9rience durement acquise et continuer \u00e0 faire des jeux qui font preuve \u00e0 la fois d&rsquo;innovation et de passion. Un premier jeu r\u00e9ussi qui a propuls\u00e9 la croissance et la prosp\u00e9rit\u00e9 du studio, entra\u00eenant la cr\u00e9ation de nouveaux projets !&nbsp;<\/p>\n\n\n\n<h2 class=\"wp-block-heading\">Jeux Bor\u00e9alys &amp; Desjardins : Renforcer l&rsquo;\u00e9ducation financi\u00e8re des jeunes<\/h2>\n\n\n\n<p class=\"has-text-align-left has-palette-color-5-color has-text-color has-background has-link-color wp-elements-b9907e2b84a086094fcf8577248d1a72\" style=\"background-color:#1e1e1e\">Avec <strong>Al\u00e9a<\/strong>,<strong> <a href=\"https:\/\/borealys.ca\/\">Jeux Bor\u00e9alys<\/a> <\/strong>est ravi de pouvoir apporter sa pierre \u00e0 l&rsquo;\u00e9difice. <strong>Al\u00e9a<\/strong> est l\u2019un des principaux projets de Jeux Bor\u00e9alys depuis 2023. Un beau projet de service dont nous sommes fiers, et sur lequel nos \u00e9quipes travaillent sans cesse afin de l&rsquo;am\u00e9liorer. La coop\u00e9ration avec les \u00e9quipes de Desjardins reste une exp\u00e9rience exceptionnelle qui a permis \u00e0 <a href=\"https:\/\/borealys.ca\/\"><strong>Jeux Bor\u00e9alys<\/strong><\/a> de se d\u00e9velopper dans le secteur des services aux entreprises.<\/p>\n\n\n\n<p class=\"has-text-align-left has-palette-color-5-color has-text-color has-background has-link-color wp-elements-a759c52a81afec8eaa3162e71fa7f33e\" style=\"background-color:#1e1e1e\"><strong>Al\u00e9a <\/strong>est un outil d&rsquo;\u00e9ducation financi\u00e8re destin\u00e9 aux jeunes pour \u00e9valuer la cr\u00e9ation de strat\u00e9gies de financement de projets. Al\u00e9a a \u00e9t\u00e9 con\u00e7ue dans le but d&rsquo;aider \u00e0 la compr\u00e9hension d&rsquo;un budget afin de prendre des d\u00e9cisions \u00e9clair\u00e9es tout en acqu\u00e9rant des connaissances financi\u00e8res importantes. Un outil qui invite les utilisateurs \u00e0 s&rsquo;interroger sur leurs finances et \u00e0 mesurer les risques encourus. L&rsquo;objectif est de renforcer l&rsquo;\u00e9ducation financi\u00e8re des jeunes et de les rendre aussi confiants que possible en l&rsquo;avenir.<\/p>\n\n\n\n<p class=\"has-text-align-center has-palette-color-5-color has-text-color has-background has-link-color wp-elements-e59adf70322caf2960213d907f3e46cb\" style=\"background-color:#1e1e1e\"><strong>L&rsquo;application est enti\u00e8rement gratuite et disponible sur App Store et Google Play \u2b07\ufe0f<\/strong><\/p>\n\n\n\n<div class=\"wp-block-columns has-background is-layout-flex wp-container-core-columns-is-layout-1 wp-block-columns-is-layout-flex\" style=\"background-color:#1e1e1e\">\n<div class=\"wp-block-column is-layout-flow wp-block-column-is-layout-flow\">\n<figure class=\"wp-block-image alignright size-full\"><a href=\"https:\/\/apps.apple.com\/ca\/app\/unforeseen-the-decision-game\/id1672117308\"><img decoding=\"async\" src=\"https:\/\/borealys.ca\/wp-content\/uploads\/2024\/12\/logo-app-store-en.svg\" alt=\"\" class=\"wp-image-572\"\/><\/a><\/figure>\n<\/div>\n\n\n\n<div class=\"wp-block-column is-layout-flow wp-block-column-is-layout-flow\">\n<figure class=\"wp-block-image size-full\"><a href=\"https:\/\/play.google.com\/store\/apps\/details?id=com.desjardins.alea&amp;pli=1\"><img decoding=\"async\" src=\"https:\/\/borealys.ca\/wp-content\/uploads\/2024\/12\/logo-app-google-en.svg\" alt=\"\" class=\"wp-image-574\"\/><\/a><\/figure>\n<\/div>\n<\/div>\n\n\n\n<p class=\"has-text-align-center has-palette-color-5-color has-text-color has-background has-link-color wp-elements-a6ad423cb30ab874530adb9f19b33c36\" style=\"background-color:#1e1e1e\"><strong>Le jeu de prise de d\u00e9cision a \u00e9t\u00e9 r\u00e9compens\u00e9 par 3 prix en 2024 et une nomination.  En premier les <a href=\"https:\/\/www.actionti.com\/en\/octas-2024\/\">OCTAS<\/a> dans les cat\u00e9gories Divertissement, Francais dans les TI, Coup de coeur du jury. Le jeu a ensuite \u00e9t\u00e9 nomin\u00e9 dans la cat\u00e9gorie \u00ab Jeu de l&rsquo;ann\u00e9e \u00bb aux <a href=\"https:\/\/www.pmimontreal.org\/en\/events\/elixir\">Elixir<\/a> 2024. <\/strong><br><strong>Nous en sommes tr\u00e8s fiers ! \u2728<\/strong><\/p>\n\n\n\n<div class=\"wp-block-columns is-layout-flex wp-container-core-columns-is-layout-2 wp-block-columns-is-layout-flex\" style=\"margin-top:0;margin-bottom:0\">\n<div class=\"wp-block-column is-layout-flow wp-block-column-is-layout-flow\">\n<figure class=\"wp-block-image aligncenter size-large centermargin-img\"><img loading=\"lazy\" decoding=\"async\" width=\"500\" height=\"243\" src=\"https:\/\/borealys.ca\/wp-content\/uploads\/2025\/01\/Octas2024-Francais-IT.png\" alt=\"\" class=\"wp-image-672\"\/><\/figure>\n<\/div>\n\n\n\n<div class=\"wp-block-column is-layout-flow wp-block-column-is-layout-flow\">\n<figure class=\"wp-block-image aligncenter size-large\"><img loading=\"lazy\" decoding=\"async\" width=\"500\" height=\"243\" src=\"https:\/\/borealys.ca\/wp-content\/uploads\/2025\/01\/Octas2024-Divertissement.png\" alt=\"\" class=\"wp-image-678\"\/><\/figure>\n<\/div>\n<\/div>\n\n\n\n<div class=\"wp-block-columns is-layout-flex wp-container-core-columns-is-layout-3 wp-block-columns-is-layout-flex\" style=\"margin-top:var(--wp--preset--spacing--60);margin-bottom:var(--wp--preset--spacing--60)\">\n<div class=\"wp-block-column is-layout-flow wp-block-column-is-layout-flow\">\n<figure class=\"wp-block-image aligncenter size-large\"><img loading=\"lazy\" decoding=\"async\" width=\"500\" height=\"243\" src=\"https:\/\/borealys.ca\/wp-content\/uploads\/2025\/01\/Octas2024-CoupdecoeurJuryt-1.png\" alt=\"\" class=\"wp-image-680\"\/><\/figure>\n<\/div>\n\n\n\n<div class=\"wp-block-column is-layout-flow wp-block-column-is-layout-flow\">\n<figure class=\"wp-block-image aligncenter size-large\"><img loading=\"lazy\" decoding=\"async\" width=\"500\" height=\"243\" src=\"https:\/\/borealys.ca\/wp-content\/uploads\/2025\/01\/Elixir-nominee2024-unforeseen-fr.png\" alt=\"\" class=\"wp-image-684\"\/><\/figure>\n<\/div>\n<\/div>\n<\/div><\/div><\/div><\/div><\/div>\n\n\n\n<p><\/p>\n\n\n\n<p>\/<\/p>\n","protected":false},"excerpt":{"rendered":"<p>\/<\/p>\n","protected":false},"author":2,"featured_media":564,"parent":0,"menu_order":0,"comment_status":"closed","ping_status":"closed","template":"","meta":{"footnotes":""},"class_list":["post-563","page","type-page","status-publish","has-post-thumbnail","hentry"],"blocksy_meta":[],"yoast_head":"<!-- This site is optimized with the Yoast SEO plugin v26.8 - https:\/\/yoast.com\/product\/yoast-seo-wordpress\/ -->\n<title>Al\u00e9a : un outil d&#039;\u00e9ducation financi\u00e8re pour les jeunes.<\/title>\n<meta name=\"description\" content=\"Al\u00e9a est un outil d&#039;\u00e9ducation financi\u00e8re destin\u00e9 aux jeunes afin de cr\u00e9er des strat\u00e9gies de financement de projets et \u00e0 g\u00e9rer leur budget.\" \/>\n<meta name=\"robots\" content=\"index, follow, max-snippet:-1, max-image-preview:large, max-video-preview:-1\" \/>\n<link rel=\"canonical\" href=\"https:\/\/borealys.ca\/?page_id=563\" \/>\n<meta property=\"og:locale\" content=\"fr_CA\" \/>\n<meta property=\"og:type\" content=\"article\" \/>\n<meta property=\"og:title\" content=\"Al\u00e9a : un outil d&#039;\u00e9ducation financi\u00e8re pour les jeunes.\" \/>\n<meta property=\"og:description\" content=\"Al\u00e9a est un outil d&#039;\u00e9ducation financi\u00e8re destin\u00e9 aux jeunes afin de cr\u00e9er des strat\u00e9gies de financement de projets et \u00e0 g\u00e9rer leur budget.\" \/>\n<meta property=\"og:url\" content=\"https:\/\/borealys.ca\/?page_id=563\" \/>\n<meta property=\"og:site_name\" content=\"Borealys Solutions Ludiques\" \/>\n<meta property=\"article:modified_time\" content=\"2025-01-21T14:33:04+00:00\" \/>\n<meta property=\"og:image\" content=\"https:\/\/borealys.ca\/wp-content\/uploads\/2024\/12\/Borealys_carrousel1-play-solution-1200x600mm.png\" \/>\n\t<meta property=\"og:image:width\" content=\"1200\" \/>\n\t<meta property=\"og:image:height\" content=\"600\" \/>\n\t<meta property=\"og:image:type\" content=\"image\/png\" \/>\n<meta name=\"twitter:card\" content=\"summary_large_image\" \/>\n<meta name=\"twitter:label1\" content=\"Estimation du temps de lecture\" \/>\n\t<meta name=\"twitter:data1\" content=\"4 minutes\" \/>\n<script type=\"application\/ld+json\" class=\"yoast-schema-graph\">{\"@context\":\"https:\/\/schema.org\",\"@graph\":[{\"@type\":\"WebPage\",\"@id\":\"https:\/\/borealys.ca\/?page_id=563\",\"url\":\"https:\/\/borealys.ca\/?page_id=563\",\"name\":\"Al\u00e9a : un outil d'\u00e9ducation financi\u00e8re pour les jeunes.\",\"isPartOf\":{\"@id\":\"https:\/\/borealys.ca\/#website\"},\"primaryImageOfPage\":{\"@id\":\"https:\/\/borealys.ca\/?page_id=563#primaryimage\"},\"image\":{\"@id\":\"https:\/\/borealys.ca\/?page_id=563#primaryimage\"},\"thumbnailUrl\":\"https:\/\/borealys.ca\/wp-content\/uploads\/2024\/12\/Borealys_carrousel1-play-solution-1200x600mm.png\",\"datePublished\":\"2025-01-21T14:33:03+00:00\",\"dateModified\":\"2025-01-21T14:33:04+00:00\",\"description\":\"Al\u00e9a est un outil d'\u00e9ducation financi\u00e8re destin\u00e9 aux jeunes afin de cr\u00e9er des strat\u00e9gies de financement de projets et \u00e0 g\u00e9rer leur budget.\",\"breadcrumb\":{\"@id\":\"https:\/\/borealys.ca\/?page_id=563#breadcrumb\"},\"inLanguage\":\"fr-CA\",\"potentialAction\":[{\"@type\":\"ReadAction\",\"target\":[\"https:\/\/borealys.ca\/?page_id=563\"]}]},{\"@type\":\"ImageObject\",\"inLanguage\":\"fr-CA\",\"@id\":\"https:\/\/borealys.ca\/?page_id=563#primaryimage\",\"url\":\"https:\/\/borealys.ca\/wp-content\/uploads\/2024\/12\/Borealys_carrousel1-play-solution-1200x600mm.png\",\"contentUrl\":\"https:\/\/borealys.ca\/wp-content\/uploads\/2024\/12\/Borealys_carrousel1-play-solution-1200x600mm.png\",\"width\":1200,\"height\":600},{\"@type\":\"BreadcrumbList\",\"@id\":\"https:\/\/borealys.ca\/?page_id=563#breadcrumb\",\"itemListElement\":[{\"@type\":\"ListItem\",\"position\":1,\"name\":\"Home\",\"item\":\"https:\/\/borealys.ca\/\"},{\"@type\":\"ListItem\",\"position\":2,\"name\":\"Al\u00e9a : un outil d&rsquo;\u00e9ducation financi\u00e8re destin\u00e9 aux jeunes.\"}]},{\"@type\":\"WebSite\",\"@id\":\"https:\/\/borealys.ca\/#website\",\"url\":\"https:\/\/borealys.ca\/\",\"name\":\"Borealys Solutions Ludiques\",\"description\":\"Conception et d\u00e9veloppement de jeux vid\u00e9o\",\"publisher\":{\"@id\":\"https:\/\/borealys.ca\/#organization\"},\"potentialAction\":[{\"@type\":\"SearchAction\",\"target\":{\"@type\":\"EntryPoint\",\"urlTemplate\":\"https:\/\/borealys.ca\/?s={search_term_string}\"},\"query-input\":{\"@type\":\"PropertyValueSpecification\",\"valueRequired\":true,\"valueName\":\"search_term_string\"}}],\"inLanguage\":\"fr-CA\"},{\"@type\":\"Organization\",\"@id\":\"https:\/\/borealys.ca\/#organization\",\"name\":\"Borealys Solutions Ludiques\",\"url\":\"https:\/\/borealys.ca\/\",\"logo\":{\"@type\":\"ImageObject\",\"inLanguage\":\"fr-CA\",\"@id\":\"https:\/\/borealys.ca\/#\/schema\/logo\/image\/\",\"url\":\"https:\/\/borealys.ca\/wp-content\/uploads\/2024\/11\/Borealys-Solutions-Ludiques-Logo.png\",\"contentUrl\":\"https:\/\/borealys.ca\/wp-content\/uploads\/2024\/11\/Borealys-Solutions-Ludiques-Logo.png\",\"width\":648,\"height\":460,\"caption\":\"Borealys Solutions Ludiques\"},\"image\":{\"@id\":\"https:\/\/borealys.ca\/#\/schema\/logo\/image\/\"}}]}<\/script>\n<!-- \/ Yoast SEO plugin. -->","yoast_head_json":{"title":"Al\u00e9a : un outil d'\u00e9ducation financi\u00e8re pour les jeunes.","description":"Al\u00e9a est un outil d'\u00e9ducation financi\u00e8re destin\u00e9 aux jeunes afin de cr\u00e9er des strat\u00e9gies de financement de projets et \u00e0 g\u00e9rer leur budget.","robots":{"index":"index","follow":"follow","max-snippet":"max-snippet:-1","max-image-preview":"max-image-preview:large","max-video-preview":"max-video-preview:-1"},"canonical":"https:\/\/borealys.ca\/?page_id=563","og_locale":"fr_CA","og_type":"article","og_title":"Al\u00e9a : un outil d'\u00e9ducation financi\u00e8re pour les jeunes.","og_description":"Al\u00e9a est un outil d'\u00e9ducation financi\u00e8re destin\u00e9 aux jeunes afin de cr\u00e9er des strat\u00e9gies de financement de projets et \u00e0 g\u00e9rer leur budget.","og_url":"https:\/\/borealys.ca\/?page_id=563","og_site_name":"Borealys Solutions Ludiques","article_modified_time":"2025-01-21T14:33:04+00:00","og_image":[{"width":1200,"height":600,"url":"https:\/\/borealys.ca\/wp-content\/uploads\/2024\/12\/Borealys_carrousel1-play-solution-1200x600mm.png","type":"image\/png"}],"twitter_card":"summary_large_image","twitter_misc":{"Estimation du temps de lecture":"4 minutes"},"schema":{"@context":"https:\/\/schema.org","@graph":[{"@type":"WebPage","@id":"https:\/\/borealys.ca\/?page_id=563","url":"https:\/\/borealys.ca\/?page_id=563","name":"Al\u00e9a : un outil d'\u00e9ducation financi\u00e8re pour les jeunes.","isPartOf":{"@id":"https:\/\/borealys.ca\/#website"},"primaryImageOfPage":{"@id":"https:\/\/borealys.ca\/?page_id=563#primaryimage"},"image":{"@id":"https:\/\/borealys.ca\/?page_id=563#primaryimage"},"thumbnailUrl":"https:\/\/borealys.ca\/wp-content\/uploads\/2024\/12\/Borealys_carrousel1-play-solution-1200x600mm.png","datePublished":"2025-01-21T14:33:03+00:00","dateModified":"2025-01-21T14:33:04+00:00","description":"Al\u00e9a est un outil d'\u00e9ducation financi\u00e8re destin\u00e9 aux jeunes afin de cr\u00e9er des strat\u00e9gies de financement de projets et \u00e0 g\u00e9rer leur budget.","breadcrumb":{"@id":"https:\/\/borealys.ca\/?page_id=563#breadcrumb"},"inLanguage":"fr-CA","potentialAction":[{"@type":"ReadAction","target":["https:\/\/borealys.ca\/?page_id=563"]}]},{"@type":"ImageObject","inLanguage":"fr-CA","@id":"https:\/\/borealys.ca\/?page_id=563#primaryimage","url":"https:\/\/borealys.ca\/wp-content\/uploads\/2024\/12\/Borealys_carrousel1-play-solution-1200x600mm.png","contentUrl":"https:\/\/borealys.ca\/wp-content\/uploads\/2024\/12\/Borealys_carrousel1-play-solution-1200x600mm.png","width":1200,"height":600},{"@type":"BreadcrumbList","@id":"https:\/\/borealys.ca\/?page_id=563#breadcrumb","itemListElement":[{"@type":"ListItem","position":1,"name":"Home","item":"https:\/\/borealys.ca\/"},{"@type":"ListItem","position":2,"name":"Al\u00e9a : un outil d&rsquo;\u00e9ducation financi\u00e8re destin\u00e9 aux jeunes."}]},{"@type":"WebSite","@id":"https:\/\/borealys.ca\/#website","url":"https:\/\/borealys.ca\/","name":"Borealys Solutions Ludiques","description":"Conception et d\u00e9veloppement de jeux vid\u00e9o","publisher":{"@id":"https:\/\/borealys.ca\/#organization"},"potentialAction":[{"@type":"SearchAction","target":{"@type":"EntryPoint","urlTemplate":"https:\/\/borealys.ca\/?s={search_term_string}"},"query-input":{"@type":"PropertyValueSpecification","valueRequired":true,"valueName":"search_term_string"}}],"inLanguage":"fr-CA"},{"@type":"Organization","@id":"https:\/\/borealys.ca\/#organization","name":"Borealys Solutions Ludiques","url":"https:\/\/borealys.ca\/","logo":{"@type":"ImageObject","inLanguage":"fr-CA","@id":"https:\/\/borealys.ca\/#\/schema\/logo\/image\/","url":"https:\/\/borealys.ca\/wp-content\/uploads\/2024\/11\/Borealys-Solutions-Ludiques-Logo.png","contentUrl":"https:\/\/borealys.ca\/wp-content\/uploads\/2024\/11\/Borealys-Solutions-Ludiques-Logo.png","width":648,"height":460,"caption":"Borealys Solutions Ludiques"},"image":{"@id":"https:\/\/borealys.ca\/#\/schema\/logo\/image\/"}}]}},"_links":{"self":[{"href":"https:\/\/borealys.ca\/index.php?rest_route=\/wp\/v2\/pages\/563","targetHints":{"allow":["GET"]}}],"collection":[{"href":"https:\/\/borealys.ca\/index.php?rest_route=\/wp\/v2\/pages"}],"about":[{"href":"https:\/\/borealys.ca\/index.php?rest_route=\/wp\/v2\/types\/page"}],"author":[{"embeddable":true,"href":"https:\/\/borealys.ca\/index.php?rest_route=\/wp\/v2\/users\/2"}],"replies":[{"embeddable":true,"href":"https:\/\/borealys.ca\/index.php?rest_route=%2Fwp%2Fv2%2Fcomments&post=563"}],"version-history":[{"count":59,"href":"https:\/\/borealys.ca\/index.php?rest_route=\/wp\/v2\/pages\/563\/revisions"}],"predecessor-version":[{"id":714,"href":"https:\/\/borealys.ca\/index.php?rest_route=\/wp\/v2\/pages\/563\/revisions\/714"}],"wp:featuredmedia":[{"embeddable":true,"href":"https:\/\/borealys.ca\/index.php?rest_route=\/wp\/v2\/media\/564"}],"wp:attachment":[{"href":"https:\/\/borealys.ca\/index.php?rest_route=%2Fwp%2Fv2%2Fmedia&parent=563"}],"curies":[{"name":"wp","href":"https:\/\/api.w.org\/{rel}","templated":true}]}}